False
Let r(v) = 55*v**2 - 1. Is r(-1) a multiple of 9?
True
Let j(v) be the first derivative of -14*v**2 + 4*v + 2. Let d be j(-4). Suppose -d = -4*l - 0*l - 2*x, 0 = 5*l + 4*x - 151. Is l a multiple of 9?
True
Let i(y) = -y**3 + 13*y**2 + y - 13. Let v be i(13). Let b(c) = -c**2 + c + 38. Is 11 a factor of b(v)?
False
Let n be 151 + (4/4 - 4). Is (6 - 3)*n/6 a multiple of 21?
False
Let r(u) = u**2 + 3*u - 2. Let p be r(-3). Suppose -h - 21 = -4*f, -h + 3 = 2*f - 0. Is -2*5/f*p a multiple of 3?
False
Let f be ((-2)/(-3))/((-2)/(-9)). Let j(a) = -7*a - 2. Let z be j(f). Let i = z + 49. Is 13 a factor of i?
True
Suppose 0 = 2*y - y + 6. Suppose -2*g = -4*t + 2*g - 96, 3*t + 70 = 4*g. Let j = y - t. Does 9 divide j?
False
Suppose 3*g + j = -284, 4*j = -4*g - 351 - 41. Let v = g - -135. Is v a multiple of 17?
False
Suppose 0 = -3*r + 4*x - 15, 2*x + 3 = 5*r + 42. Let w(f) = -5*f - 12. Is w(r) a multiple of 17?
False
Let l be 3 + 1 + 0 + -2. Suppose 0 = 3*w - l*w. Suppose w*v = 3*v - 2*j - 48, -4*j + 84 = 4*v. Does 9 divide v?
True
Let d = -2 + 5. Suppose -d + 17 = t. Is t a multiple of 7?
True
Let k(o) = 10*o. Let b be k(-1). Let x = -3 - b. Is 4 a factor of x?
False
Suppose 2*t + 2*r = t + 30, 5*t + 3*r - 122 = 0. Does 7 divide t?
False
Suppose -2*p + 161 = -23. Does 23 divide p?
True
Suppose 7*n - 13 = 71. Is n a multiple of 2?
True
Let b = -5 - -6. Let t = 28 + b. Suppose -s + t = -x, -5*s + 2*x + 148 = -0*x. Is 10 a factor of s?
True
Let o(v) = -5*v + 9. Let d be o(6). Let x = d - -31. Is x a multiple of 4?
False
Let g(c) = c**3 + c**2 - 2*c + 2. Is g(3) a multiple of 8?
True
Suppose 8*j = 5*f + 12*j - 186, -j = -f + 39. Is f a multiple of 10?
False
Let b(g) = -2*g - 19. Let f be b(-13). Let w = f - -2. Is w a multiple of 7?
False
Does 4 divide (-2468)/(-22) + 4 + 138/(-33)?
True
Let s be (-361)/(-4) - (-2)/(-8). Is ((-15)/9)/((-25)/s) a multiple of 2?
True
Let x(c) = 7*c + 15. Is x(8) a multiple of 31?
False
Suppose 3*b + 2 = 2*l, 5*l - 19 = -b + 3. Suppose -49 = -l*h + 39. Is h a multiple of 11?
True
Suppose -2*m + 442 = -2*p, 5*m + 9*p - 5*p - 1060 = 0. Is 8 a factor of m?
True
Suppose -5*f + 0*i + 10 = 5*i, -2*f + 19 = -3*i. Suppose -l + f*l - 96 = 0. Does 16 divide l?
False
Suppose -3*v - 4*a = -180, 4*a = 5*v + a - 300. Is 12 a factor of v?
True
Let o(c) = c**3 + 6*c**2 + 4*c + 6. Is o(-5) a multiple of 11?
True
Suppose 0*q - 30 = -5*q - 2*u, -q = 2*u - 6. Is 3 a factor of (-2 + 4)/(4/q)?
True
Suppose 0 = d - 4*d - 96. Let o(s) = -15*s**3 + 2*s - 1. Let w be o(1). Let x = w - d. Does 18 divide x?
True
Suppose 2*z - 99 = -3*o, -z = -3*o + z + 87. Is 5 a factor of o?
False
Let a(l) = l**3 + 2*l**2 + 2*l + 7. Is a(5) a multiple of 16?
True
Does 38 divide (-4)/18 - (-2164)/18?
False
Let f = 11 + -7. Let g be (-2)/f + (-11)/(-2). Suppose -5*s + 0 = g*j - 45, -5*j + 5*s = -95. Does 9 divide j?
False
Let f be 36/(-27)*9/2. Let o = f + 16. Is 4 a factor of o?
False
Let w = -9 + 13. Let d = 8 + w. Is d a multiple of 5?
False
Let q be (1 + -2)*(-20 - 1). Suppose -3 = 2*l + q. Is 3/(-12) + (-195)/l a multiple of 6?
False
Suppose 3*h + 671 = 4*m, -4*h + 3 + 9 = 0. Suppose 238 + m = 4*k. Does 28 divide k?
False
Let h(a) = -9*a. Suppose -6*d - 2 = -4*d. Is h(d) a multiple of 8?
False
Let c be (1 + 0)*(-2)/(-2). Suppose -2*k - c = s, -3 = -2*k + 2*s + 5. Does 11 divide k + 0 + (-7 - -18)?
False
Let s(i) = -11*i - 1. Is s(-1) a multiple of 5?
True
Let d(h) = h**2 + 3*h + 2. Suppose 3*o + 7 = 5*v + 4*o, -2*v - 8 = 4*o. Suppose -10 + 4 = -v*r. Does 20 divide d(r)?
True
Let k(f) = f + 33. Is 11 a factor of k(18)?
False
Let a(d) = -d**3 + 13*d**2 - 15*d - 7. Is a(11) a multiple of 10?
True
Let x be (-1 - 0)*(-1 + 10). Let t(h) = 12*h + 25. Let m(s) = -6*s - 13. Let l(r) = -5*m(r) - 3*t(r). Is l(x) a multiple of 17?
False
Let h be (-28)/8*(-4)/7. Is h*5*140/50 a multiple of 14?
True
Suppose t + i - 29 = 0, 0 = t + 2*i + 2*i - 44. Does 12 divide t?
True
Suppose -x - 40 = x. Suppose -2*c + 57 = -5*q - 81, 4*q = 4*c - 108. Let y = x - q. Is y a multiple of 3?
False
Is 12 a factor of (-238)/(-5) + (-4)/(-10)?
True
Let d(t) = 15*t - 5. Is 8 a factor of d(3)?
True
Suppose 0 = l + l - 4. Let u be (-11)/(l + -3 + 2). Is 11 a factor of (1 + -2)/(1/u)?
True
Suppose u + 30 = 6*u. Let i = u - 1. Suppose i*m - 43 - 42 = 0. Is m a multiple of 6?
False
Suppose 10*r + 512 = 12*r. Does 13 divide r?
False
Let a be 121 - (3 - (-2)/(-2)). Let w be 18/(-2)*(-4)/12. Suppose w*f = -5*p + a, -4*f + 3*p + 33 = -116. Is 13 a factor of f?
False
Let j = 264 - 155. Does 15 divide j?
False
Let d(n) = 5*n - 1 + 4 - 11*n**2 + n**3 - 4*n. Is 14 a factor of d(11)?
True
Suppose -35 = -y - 7. Is 7 a factor of y?
True
Let j = 9 - -9. Let q = j + -7. Does 11 divide q?
True
Suppose 0 = 2*f + 4, -554 = -4*n - 5*f + 8*f. Is 21 a factor of n?
False
Let f = 8 - 5. Suppose i = -4*q - 12, -8 = -5*q + 4*i - 2. Is 14 a factor of 84*q/(-1 - f)?
True
Let c(b) = -b**2 - 8*b + 7. Is 7 a factor of c(-5)?
False
Let a(j) = 3*j**2 - 2*j - 9. Does 5 divide a(-3)?
False
Suppose 0*b + 2*b = 28. Does 3 divide b?
False
Suppose l - 44 = 54. Is 6 a factor of l/4 - (-7)/14?
False
Suppose 14*h - 3*h - 880 = 0. Does 8 divide h?
True
Suppose 508 = 4*g + 4*y, 5*y = -2*g - g + 381. Is g a multiple of 15?
False
Suppose -3*z + 26 = -4*i + 227, 4*z = 3*i - 156. Is 16 a factor of i?
True
Suppose j = -2*j - 3*i + 360, -2*j + 228 = -i. Suppose -12 = 3*v, 2*x - 6*x - v = -j. Suppose -3*o = -5*m - 35, m + x = o + 3*m. Is 10 a factor of o?
True
Does 16 divide -4*38/(-4)*280/35?
True
Let h(m) = 11*m - 4. Is 9 a factor of h(2)?
True
Let p(l) = 2*l**2 - 3*l - 3. Let o = -6 - -9. Let g be p(o). Suppose -12 = 2*m - g*m. Does 3 divide m?
True
Let q(r) = 13*r**2 - 2*r + 1. Suppose -3*l - 143 = -5*h, 0 = 3*h + 2*h + 5*l - 135. Let x be 8/h - 10/(-14). Is q(x) a multiple of 12?
True
Let x(n) = 41*n**3 - 3*n + 2. Is 20 a factor of x(1)?
True
Let b(f) = 3*f**2 + 4*f - 18. Is b(-6) a multiple of 11?
True
Suppose 1 + 5 = -3*y. Is 12 a factor of (-1 - y)*(31 - 2)?
False
Is (15*(-6)/(-35))/(3/182) a multiple of 13?
True
Suppose -5*x = f - 33, 3*f - 6*f + 48 = -2*x. Is f a multiple of 9?
True
Let i = 13 + -9. Suppose 3*o - i = 131. Let y = o + -29. Is 13 a factor of y?
False
Let l be (-2)/4 + 49/2. Let n = l + -12. Is 4 a factor of n?
True
Suppose 191 = 5*c - 4*o, 2*c = -4*o + 6*o + 78. Let p = -7 + c. Is 14 a factor of p?
True
Let a = 291 - 207. Does 4 divide a?
True
Let f(s) = s**2 - s - 4. Let k = 15 + -10. Is 9 a factor of f(k)?
False
Let z = 253 + -84. Is 13 a factor of z?
True
Does 15 divide 6/(-4) + 1365/10?
True
Let b(h) be the first derivative of 3*h + 4 + 1/2*h**2. Is 7 a factor of b(9)?
False
Let y = 0 + -9. Suppose 6*u = 3*u + 69. Let s = u + y. Is 7 a factor of s?
True
Suppose 3*p = m + 12, 3*p - 7*p + 3 = 3*m. Let c(s) = -s**3 + 7*s**2 - 3*s + 1. Is c(p) a multiple of 14?
True
Let n(y) = 75*y - 17. Let l(x) = 37*x - 9. Let r(o) = -7*l(o) + 4*n(o). Does 13 divide r(2)?
False
Let j(d) = -d**2 + 4*d. Let w be j(7). Is 2*7/(w/(-6)) even?
True
Suppose 0 = -4*l - 4*s - 0*s + 396, -4*l + 401 = -s. Is l a multiple of 22?
False
Suppose 0 = 2*b - 4*b + 240. Is b a multiple of 40?
True
Does 25 divide ((-2)/5)/(1/(-430)*2)?
False
Let h(y) = 25*y + 10. Let z(k) = 8*k + 3. Let b(l) = -2*h(l) + 7*z(l). Is b(2) a multiple of 9?
False
Let w(n) = n**2 - n - 3. Let c be w(-3). Does 2 divide (-6)/c + 68/12?
False
Let t = -35 + 68. Is t a multiple of 11?
True
Suppose 4*f + f = 0. Let h(l) = -l**3 - l**2 - 1. Let r(m) = -3*m**3 - m**2 + 21. Let c(g) = -2*h(g) + r(g). Is c(f) a multiple of 11?
False
Let l = -30 - -50. Is l a multiple of 20?
True
Let o = 10 - 4. Suppose -5*j = -o - 4. Is j even?
True
Let m(o) be the second derivative of o**4/12 - o**3/3 + 4*o**2 + 5*o. Is 11 a factor of m(7)?
False
Let t(c) = c**3 - c**2 - 8*c + 1. Let z be t(6). Let l = -82 + z. Is l a multiple of 13?
False
Let d = -8 + 20. Suppose -b = -5 - d. Does 14 divide (0 - (1 - b)) + -2?
True
Let g(s) = -s**2 + 2. Let y be g(-2). Let u be 1/y + (-14)/(-4). Suppose 4*i - 5*a = -2 + 1, a = -u*i + 23. Is 2 a factor of i?
True
Let x(j) = -15*j**3 - j**2. Is x(-1) a multiple of 2?
True
Let b = -81 + 95. Is b a multiple of 10?
False
Suppose -18*w + 288 = -15*w. Is 24 a factor of w?
T